 the third derivative of h**5/60 + h**4/4 - h**3/6 - 2*h**2. Suppose 4*v - 3*d = -3, -4 = -5*v - d - 3. Let j = v + -5. Determine z(j).
-6
Let i(j) = -j**3 + 8*j**2 + 9*j + 5. Suppose 0*x + 9 = 2*c + x, 24 = 3*c + 5*x. Suppose -c*h = -34 + 7. Let b be i(h). Let s(a) = a**3 - 5*a**2. What is s(b)?
0
Let n(a) = 3*a + 1. Let o be (0 - -1) + (-2)/(-1). Determine n(o).
10
Let q be -2 - 5/((-5)/2). Suppose -3*a + 0*a + 18 = q. Let y = 3 - a. Let k(u) = 2*u + 3. Give k(y).
-3
Let i(p) = 7*p**3 - 10*p**2 + 8*p - 11. Let w(a) = 11*a**3 - 15*a**2 + 12*a - 17. Let z(y) = -8*i(y) + 5*w(y). Let h be -3*3/((-9)/2). Calculate z(h).
7
Let x(v) = -7*v - 10. Let r(n) = 20*n + 30. Let y(d) = -6*r(d) - 17*x(d). What is y(0)?
-10
Let b(m) = -m + 12. Let p(v) = v + 7. Let k be p(-7). What is b(k)?
12
Let r(u) = 5*u - 19. Let j be r(8). Let m = 19 - j. Let b(q) = q**2 + 3*q + 1. Determine b(m).
-1
Let j(g) be the second derivative of -3/2*g**3 - 1/20*g**5 + 0 + g - g**2 + 5/6*g**4. Let l be j(9). Let a(s) = -s**2 - 2*s. Give a(l).
0
Let c(m) = m**3 + 3*m + 1. Suppose -5*d + 4 = -w, 4 - 1 = d. Let t(g) = -6*g**3 - g**2 - 16*g - 5. Let f(h) = w*c(h) + 2*t(h). What is f(-2)?
-1
Suppose -2*v - 5 = -11. Let y(p) = -p**3 + 4*p**2 - 2*p - 2. Calculate y(v).
1
Suppose 5*w = 4 + 6. Let q(r) = 3*r**w + 3*r**2 + 7*r - 6*r**2 + r**2 - 2. Determine q(-6).
-8
Let x(p) be the first derivative of -3*p**6/40 + p**5/60 - p**4/12 + p**3/6 - p**2 + 4. Let t(a) be the second derivative of x(a). Determine t(1).
-9
Let o(c) = c**3 + c**2 + c - 1. Let l(u) = 3*u**3 + 7*u**2 + 7*u - 4. Let w(p) = l(p) - 4*o(p). Determine w(3).
9
Let v be (-68)/(-8) - 3 - 5. Let a(q) be the first derivative of 2/3*q**3 + q**2 + v*q**4 + 2 + q. Determine a(-1).
-1
Let u(i) be the first derivative of 2*i**2 - i - 4. Let n be (-2)/(0 + (-2)/(-1)). What is u(n)?
-5
Let j = -9 - -18. Let r be (6/j)/((-2)/(-6)). Let i(y) = y**2 + y - 1. Give i(r).
5
Let f(c) = c - 4. Let z(m) = -m + 4. Let k(i) = 4*f(i) + 3*z(i). Let u be -5 - (0 - -2 - 2). Give k(u).
-9
Let y(c) be the third derivative of -c**5/60 + c**4/8 + c**3 + c**2. Let l(d) = -8*d**3 - 4*d**2 - 5*d - 4. Let i be l(-1). Determine y(i).
-4
Let k(o) be the third derivative of -o**7/5040 + o**6/240 - o**5/60 - 2*o**2. Let l(m) be the third derivative of k(m). What is l(2)?
1
Let h(c) = -3*c**3 + 5*c**2 - 5*c + 7. Let m(d) = 7*d**3 - 9*d**2 + 9*d - 15. Let j(r) = -5*h(r) - 2*m(r). What is j(6)?
1
Suppose -6 + 0 = 2*a + 3*q, 4*a + q + 22 = 0. Let m(h) = h**3 + 5*h**2 - 6*h - 1. Determine m(a).
-1
Let v(q) be the second derivative of -q**3 + q**2/2 - 16*q. Determine v(2).
-11
Let d(k) be the third derivative of 0*k + 7/6*k**3 + 7/60*k**5 + 0 + 1/120*k**6 - 4*k**2 + 3/8*k**4. Give d(-6).
-11
Let b(u) = -u**3 + 8*u**2 - 6. Let y = 29 - 21. Give b(y).
-6
Let m(w) = -w - 3 + 2*w - 2*w. Suppose 13 + 14 = 3*g. Suppose 2*a - 5*a = g. Give m(a).
0
Let a(t) be the second derivative of t**4/12 - t**3/3 + t**2/2 - 3*t. Calculate a(3).
4
Let c be 3/(-2 + 6/4*2). Let d(u) = 2*u**2 - 4*u + 1. Determine d(c).
7
Let w(t) = -2*t**2 - 6*t + 5. Suppose 4*k + 2 + 18 = 0. Calculate w(k).
-15
Suppose -140*w - 6 = -139*w. Let b(y) = -y**2 - 4*y + 8. Give b(w).
-4
Suppose 24*k - 15 = 21*k. Let u(p) = 2*p**2 - 5*p - 7. Determine u(k).
18
Let t = 25 + -15. Let f(l) = t*l - 2 + 3 - 3*l. Determine f(-1).
-6
Let n(c) be the third derivative of -4*c**2 - 1/24*c**4 - 1/60*c**5 + 0*c**3 + 0 + 0*c. Determine n(-2).
-2
Let w(l) be the first derivative of l**4/4 + 4*l**3/3 - 5*l**2/2 + 7*l + 1. Let c(u) = -u**2 + 3*u + 23. Let y be c(7). Calculate w(y).
7
Let n be 0*3/18*3. Suppose 2*d + 2 = -n. Let i be 20/(-6) - d/3. Let a(b) = b**2 + 2*b - 3. What is a(i)?
0
Let q(c) = -c + 1. Let j(y) = -y**3 - 6*y**2 - 2*y + 3. Let t be j(-5). Let i be (-56)/t + 2/6. Suppose -i*k = 4*h + 5, -5*k = -h + 8 - 3. What is q(h)?
1
Let t(o) = -o**3 + 2*o**2 - o + 1. Let m = 27 + -24. Determine t(m).
-11
Let s = 2 - 2. Suppose -5*k + s*k = -15. Let t(d) = -2*d**2 + 3 - 2*d + d**3 - k*d**2 + 0*d**3 + 6*d. Give t(4).
3
Let s(l) = 3*l - 15. Let y(x) = -x + 8. Let d(q) = 2*s(q) + 5*y(q). Determine d(-7).
3
Suppose 2 = -0*m + m. Suppose -15 = -5*x - m*s, x + 35 = 5*x - 3*s. Let i(v) = 3*v - 12. Let q(y) = -y + 4. Let j(r) = 3*i(r) + 8*q(r). Calculate j(x).
1
Let x(y) = y**3 + 4 - 3*y - 19*y**2 + 10*y**2 + 5*y**2. Let a(o) = o**2 - o + 2. Let d be a(2). Give x(d).
-8
Suppose 2*t = 6*f - f + 43, -5*f = -t + 39. Let q = 5 + f. Let g(i) = 0*i - i + 0*i**2 - 1 - 3*i**2 - i**3. What is g(q)?
-3
Let i(p) = -7*p**2 - 4*p - 1. Let b(y) = 8*y**2 + 5*y + 2. Let j(s) = -6*b(s) - 7*i(s). Give j(4).
3
Let c be 2/(-4)*0/(-13). Suppose c = 3*t - t - 4. Let m(s) = 8*s - 1. Give m(t).
15
Let a(q) = -3*q**3 + 0*q**3 - 6 - 4*q - 4*q**2 - 5*q**3 - q. Let u(v) = 8*v**3 + 3*v**2 + 4*v + 5. Let s(t) = 5*a(t) + 6*u(t). What is s(-1)?
-9
Let n(k) = -k + 2*k - 1 - 7. Calculate n(7).
-1
Let x(z) = z**2 - 6*z - 3. Suppose 6*v - 44 = 4. Determine x(v).
13
Suppose -35*i + 20 = -40*i. Let b(x) = x**3 + 3*x**2 - 4*x + 5. Give b(i).
5
Let g(m) = 3*m + 2. Let o be g(-3). Let i(y) = -y**3 - 7*y**2 + y + 1. Determine i(o).
-6
Let w(a) = a. Let z(o) = -4*o + 1. Let h(s) = 3*w(s) + z(s). Let y = -8 + 14. Suppose l - y = -2. Give h(l).
-3
Let b(s) be the first derivative of 0*s**3 - 3*s + 1/4*s**4 - s**2 + 1. Let n be -10 + 2 + 7 + -1*1. Give b(n).
-7
Let x = -2 + 4. Suppose x*l + 3*l = 0. Let w(k) = -3*k + l*k - 2 + 4 - 3. Give w(1).
-4
Let j(n) = -15*n + 25. Let d = -10 + 16. Let w(t) = 2 - 3 + 13 - 7*t. Let i(u) = d*j(u) - 13*w(u). What is i(3)?
-3
Suppose -i - 4*i - 5 = 0. Let x = -1 - i. Let n(s) = -3*s**3 + 4 - 1 + s - s**2 + 4*s**3. Determine n(x).
3
Suppose 5*q + 25 = 5*x, -x - 4*q = 3 + 2. Suppose 5*t - t - 6 = -o, -3*t = -x*o - 12. Suppose -25 = 3*p + t*p. Let y(a) = a**2 + 7*a + 6. Determine y(p).
-4
Let o(h) = 8*h**2 + 5*h - 5. Let i(w) = 7*w**2 + 5*w - 4. Let d(j) = -7*i(j) + 6*o(j). Let l be (2 - 8) + 1 + 0. What is d(l)?
-2
Let x(n) be the second derivative of -n**8/6720 - n**7/840 - n**6/720 + n**5/60 + n**4/12 - 4*n. Let i(m) be the third derivative of x(m). Determine i(-2).
0
Let s(x) = -3*x - 2. Let h(q) = -3*q + 1. Let f be h(1). Calculate s(f).
4
Let a(j) = j + 1. Let t(n) = 16*n + 3. Let p(h) = 4*a(h) - t(h). Give p(-1).
13
Let c(b) be the first derivative of -2*b**3/3 - 3*b**2/2 - 7*b + 3. Let d(n) = n**2 - n + 1. Let h(m) = -c(m) - 3*d(m). Determine h(5).
9
Suppose -s = -0*s - 1. Let y = s - 0. Let x(a) be the first derivative of -5*a**4/4 - 2*a**3/3 + a**2/2 + 1. What is x(y)?
-6
Let m(t) = -t**3 - t**2 - t + 4. Let d(g) = g**3 - 6*g**2 + g + 1. Let a be d(6). Let u = -4 + a. Suppose 0 = 7*l - u*l. Calculate m(l).
4
Suppose 2*z = 4*x - x - 21, 2*z = 0. Let c(f) = 8*f**2 - 15*f - 5. Let a(o) = -7*o**2 + 14*o + 4. Let k(s) = 7*a(s) + 6*c(s). Give k(x).
5
Let u(n) = 9 + 3*n - 13 - 2*n. What is u(7)?
3
Let q(h) = 2*h**2 - 2. Let b(k) = k**3 + 5*k**2 - 2. Let n be b(-2). Suppose -5*l + 4*o = n, -3*o = l - 5 - 12. What is q(l)?
6
Let j(n) = -4*n - 30. Let c be j(-6). Let p(t) = t**2 + 6*t + 3. Determine p(c).
3
Let g(z) be the third derivative of 0*z + 0 - 1/60*z**5 + 1/4*z**4 - 2/3*z**3 + 3*z**2. What is g(5)?
1
Let z(s) = s - 5. Let x be z(4). Let g(f) = 10*f - 1. Calculate g(x).
-11
Let d(z) = -2*z - 14. Let h be d(-4). Let b(m) be the first derivative of m**4/4 + 7*m**3/3 + 5*m**2/2 - 2*m + 1. Determine b(h).
4
Let j be 2/1 - (1 - 5 - -12). Let d(t) = -t**3 - 7*t**2 - 3*t + 6. Determine d(j).
-12
Let z(x) = 1 - 8 + 17*x - 16*x. What is z(5)?
-2
Let k(s) = -1 + 2*s**2 - 6*s**2 + s**3 + 4. Let l(a) = -2*a - 3. Let j be l(-3). Determine k(j).
-6
Let a(r) = r - 5. Let t(c) = -c + 10. Let m(g) = 5*a(g) + 3*t(g). Give m(-6).
-7
Let m(r) = r + 1. Suppose -5*j + k = -11 - 5, 2*j - 4*k = -8. Suppose 2*d - j*d + 6 = 0. Give m(d).
4
Let c = 63 + -65. Let a(p) = -3*p**3 - 5*p**2 - 4*p + 6. Let b(q) = -2*q**3 - 4*q**2 - 3*q + 5. Let o(x) = -3*a(x) + 4*b(x). Give o(c).
-10
Suppose d + 5*n - 7 - 18 = 0, 0 = 2*d - 5*n + 25. Let q(x) = x**3 + x**2 - x. Let a(f) = -4*f**3 - 3*f**2 + 2*f - 2. Let y(w) = a(w) + 3*q(w). What is y(d)?
-2
Let m(i) be the first derivative of -i**2/2 + 12*i - 4. Let l be m(10). Let w(r) = 6*r + 6*r**l - r**2 + r**2 + r**3. Ca